4. Let s be x(26). Suppose 2*n - 121 = -3*d + s*n, -d + 5*n = -22. What is the remainder when 182 is divided by d?
41
Let n(r) = 19*r + 10. Let w be n(7). Suppose 0 = -4*b + 15*b - w. Calculate the remainder when 12/(-7)*(0 + -14) is divided by b.
11
Let w = 198 - 177. Let d(i) = -i**3 + 20*i**2 + 30*i - 105. Calculate the remainder when d(w) is divided by 22.
18
Suppose -4 = -4*x, -4*q - 2*x = 56 + 42. Let r = q - -49. What is the remainder when 45 is divided by r?
21
Let l = 49 - 45. Suppose l*f - 332 = 5*h, 7*f - 3*h - 246 = 4*f. Calculate the remainder when f is divided by 28.
22
Let h be (1 - 2*-207) + (-4 - -2). Let s = h - 348. Calculate the remainder when s is divided by (-4)/6 + (-68)/(-3).
21
Suppose 0 = -2*o + 87 - 489. Let q = o + 307. Calculate the remainder when q is divided by 20.
6
Let n(m) = 2*m**2 + 22*m + 121. Suppose -r + 96 + 168 = 4*v, 5*v - 330 = -r. Calculate the remainder when n(-17) is divided by v.
61
Let j = 447 - 163. Let u = -8 - -12. What is the remainder when (-60)/(-390) + j/13 is divided by u?
2
Let p be (35/(-1))/(-1) + -4. Let s = p + -32. Calculate the remainder when 18 is divided by 5 + (s - -4 - 2).
0
Let i = -3275 + 3477. Calculate the remainder when i is divided by 17.
15
Let p = -11553 + 11629. What is the remainder when 733 is divided by p?
49
Suppose 38*r + 97*r + 185*r = 16640. What is the remainder when 4728 is divided by r?
48
Suppose -5*t - 352 = -4*c, -c + 68 = -3*t - 27. Calculate the remainder when 1161 is divided by c.
82
Let o(p) = p**2 - 41*p - 767. What is the remainder when o(-26) is divided by 59?
31
Let c = 1881 - 1848. What is the remainder when 352 is divided by c?
22
Let s = -31 - -34. Let u be (s + -1)/((-1)/(-330)). Suppose t - 6*t = -u. Calculate the remainder when t is divided by 15.
12
Suppose -2*h = -8, 3*l - 3*h - 279 = 258. Let n(r) = r**3 - 43*r**2 - 95*r + 248. What is the remainder when l is divided by n(45)?
22
Suppose -9 = 4*z - r - 25, -4*r = 0. Suppose -i + 451 + 227 = -z*j, j + 2*i = -165. Let k = -72 - j. Calculate the remainder when k is divided by 33.
31
Let s = -5908 - -5968. What is the remainder when 473 is divided by s?
53
Suppose 89*k + 2*v = 88*k + 191, 4*v + 191 = k. What is the remainder when 3245 is divided by k?
189
Suppose d = h, -d = -4*h + h. Suppose -6*r + 126 = -5*r + 5*l, -3*l - 12 = d. What is the remainder when r is divided by 38?
32
Let a be 125/(-8) - (-36)/(-96). Let c = -11 - a. Suppose 10 = 2*j - 4*w, 0 = -j - c*w - 3 + 8. What is the remainder when 8 is divided by j?
3
What is the remainder when 399 is divided by 2/7 - ((-5790)/70 + -37)?
39
Suppose 4*y - 512 = -64. What is the remainder when 1117 is divided by y?
109
Let t(d) = 47*d + 108. Let j(y) = -2*y**3 - 7*y**2 + 3*y + 16. Let k be j(-3). Calculate the remainder when 81 is divided by t(k).
11
Suppose -2*p = -7 - 15. Let n(l) = l - 4. What is the remainder when (-21)/63 + 103/3 is divided by n(p)?
6
Suppose -50*a - 14322 = -72*a. Calculate the remainder when a is divided by 56.
35
Suppose 3*w - 1 - 8 = -3*p, 0 = -3*w + 4*p + 37. Let k(y) = -y - 2*y**3 - 3*y - 9 + 5*y**2 + 10*y**2 - y. What is the remainder when k(w) is divided by 3?
2
Calculate the remainder when 8422 is divided by 4/40 + (-538)/(-20).
25
Let o(q) = -50*q**2 + 101*q + 2. What is the remainder when 175 is divided by o(2)?
3
Suppose 0 = -73*w - w - 1277 + 15929. What is the remainder when 2366 is divided by w?
188
Suppose -16*p - 259 = -23*p. Suppose -326 = -2*i + 33*t - p*t, -810 = -5*i - 5*t. What is the remainder when i is divided by 18?
17
Suppose 4*p - 75 = p. What is the remainder when (-2 + 0)/(2/(-46)) is divided by p?
21
What is the remainder when 1090 is divided by (-272 + (-2)/(-2))/(-23 + 22)?
6
Let i = 74 - 51. Suppose -i = -s + v + 1, -3*s + 4*v + 67 = 0. Calculate the remainder when 68 is divided by s.
10
Suppose 12 = -3*k, l + 2 = 2*k - 128. Let y = l - -178. Let a = 42 + -28. What is the remainder when y is divided by a?
12
Suppose -20*d + d + 1197 = 0. Suppose 0 = 32*r - 27*r - 25. Calculate the remainder when d is divided by r.
3
Calculate the remainder when 582 is divided by (4 + (-13)/3)/(17/(-4794)).
18
Let y be (-85)/(-35) + (-9)/21. Suppose -y - 5 = -o. Suppose -3*s = -2*g - 11, 15*s + 3*g - 22 = 14*s. Calculate the remainder when s is divided by o.
0
Suppose -130*s - 7582 + 53108 = 76*s. Calculate the remainder when s is divided by 13.
0
Let y(k) = 4*k**3 + 5*k - 6. Let r be y(4). Let t = -268 + r. Calculate the remainder when (-1)/1 + (2 - -6) is divided by t.
1
Let w(r) = -18*r**3 - r**2 + 3*r + 3. What is the remainder when ((-4)/(-8))/(4/(-8)) - -119 is divided by w(-1)?
16
Suppose 2*z - 4*o = -0*o - 10, 0 = -3*z + 2*o - 7. Let q be (-12)/(-30)*z - (-46)/(-10). What is the remainder when 89 is divided by (-5 - (q + 1)) + 31?
29
Suppose 1586*c = 1581*c - 3*z + 322, 2*c + 4*z - 126 = 0. Calculate the remainder when 144 is divided by c.
14
Let n(j) = -71*j - 5. Let b(d) = -72*d - 5. Let p be (-3 - (-50)/14)*7. Let h(r) = p*n(r) - 3*b(r). Calculate the remainder when h(-2) is divided by 44.
43
Let h(i) = -13*i + 3. Let q be h(0). Suppose -2*v + 5*n + 153 = -360, 792 = q*v - 3*n. What is the remainder when v is divided by 54?
53
Let q = 310 + -307. Suppose 6*z - 268 = -5*k + 175, -q*z + 3*k = -216. Calculate the remainder when z is divided by 15.
13
Let v(s) = -s**2 + 32*s - 228. Calculate the remainder when 122 is divided by v(17).
14
Let t = -489 + 503. Calculate the remainder when 1021 is divided by t.
13
Suppose -1585 + 2107 = 24*p - 1950. Calculate the remainder when 2161 is divided by p.
101
Let o be (-16)/64*2*2. Let x be (o + -21)/(-4*1/(-2)). Let g = 19 + x. Calculate the remainder when 29 is divided by g.
5
Let i = -101 - -144. Suppose -60 + 591 = 4*l + 5*u, -2*l + 273 = -5*u. Calculate the remainder when l is divided by i.
5
Suppose 6*t = -0*t + 371 + 493. What is the remainder when t is divided by 37?
33
Suppose 2265 = -17*a + 5138. Calculate the remainder when a is divided by 57.
55
Let t = -29852 + 29926. What is the remainder when 1696 is divided by t?
68
Suppose 0 = 13*b - 5*b - 280. Suppose -8*r - b = -13*r. What is the remainder when 36/14*28/6 is divided by r?
5
Let a = -40 + 345. Let p = -285 + a. Calculate the remainder when 117 is divided by p.
17
Calculate the remainder when (502599/174)/(-2 + 20/8) is divided by 47.
43
Let y(t) = 41*t + 4. Let z(r) = -20*r - 2. Let h(a) = -3*y(a) - 7*z(a). Suppose 2*d + 175 = 7*d. What is the remainder when d is divided by h(1)?
16
Let s(w) = -196*w**3 - 22*w - 21. Calculate the remainder when 803 is divided by s(-1).
15
Suppose 0 = -25*h + 20*h + 85. Let i(z) = -2*z**2 - 48*z - 45. Calculate the remainder when i(-22) is divided by h.
9
Calculate the remainder when (-234)/(-1287) - 7652/(-22) is divided by 50.
48
Let b(t) = 1255*t - 48. Let s be b(2). Suppose 31*a - s = -633. Calculate the remainder when a is divided by 37.
22
Suppose -5*t + 182 = 3*o, 7*o - 4*o + 3*t = 168. What is the remainder when 339 is divided by o?
45
Suppose 22*j - 11*j = 2398. Suppose -4*o - 2*g + 204 = -7*g, -3*g = 5*o - j. Calculate the remainder when 182 is divided by o.
44
Suppose 0*f - f + 51 = 0. Suppose 6470 = 52*n - 810. Calculate the remainder when n is divided by f.
38
Let j be (-308)/(-35) - 8/10. Suppose -1002 = -j*b + 166. What is the remainder when b is divided by 30?
26
Let r = 10099 + -10034. Calculate the remainder when r is divided by 23.
19
Let i(h) = -2*h**3 - 70*h**2 + 2*h + 79. What is the remainder when 566 is divided by i(-35)?
8
Let y(g) = -g**2 - 61*g - 317. What is the remainder when y(-53) is divided by (22/(-2))/(0 + -1)?
8
Let y(x) = -50*x**3 - 2*x**2 + 7*x + 22. Calculate the remainder when y(-2) is divided by 136.
128
Let m(g) = 420*g**2 - 1297*g - 5184. Calculate the remainder when m(-4) is divided by 2239.
7
Let o(s) = -29*s**3 + s**2. Let l be o(-1). Let z = 1548 + -1469. Let p = z - l. What is the remainder when 146 is divided by p?
48
Let l(a) = 7*a**2 - 5*a + 2. Let v be l(6). Suppose 5*m - 36 = v. Suppose 0 = 4*y + n - 114, n = -2*y + 42 + 16. What is the remainder when m is divided by y?
24
Suppose -57 = -3*d + 6. Suppose 0 = -7*a - d + 70. Calculate the remainder when (4/5)/(14/315) is divided by a.
4
Let w = 472 - 301.